 332924803.
332924803
What are the prime factors of 3800635833?
3, 1266878611
List the prime factors of 127058384.
2, 53, 269, 557
List the prime factors of 559380102.
2, 3, 19, 23, 317, 673
List the prime factors of 207339070.
2, 5, 20733907
What are the prime factors of 29460563?
11, 241, 11113
What are the prime factors of 186864830?
2, 5, 163, 114641
List the prime factors of 19537721.
7, 398729
List the prime factors of 173367654.
2, 3, 193, 149713
What are the prime factors of 396056202?
2, 3, 271, 243577
What are the prime factors of 213789864?
2, 3, 8907911
What are the prime factors of 26616614?
2, 191, 69677
What are the prime factors of 370866234?
2, 3, 569, 108631
What are the prime factors of 52571757?
3, 7, 43, 8317
List the prime factors of 132033808.
2, 269, 30677
List the prime factors of 7339045517.
101, 72663817
What are the prime factors of 198111475?
5, 907, 8737
List the prime factors of 41039950.
2, 5, 7, 2393
What are the prime factors of 7084298?
2, 13, 53, 97
List the prime factors of 1424886013.
2843, 501191
List the prime factors of 2454977448.
2, 3, 7, 11, 442817
What are the prime factors of 1671493793?
29, 367, 157051
What are the prime factors of 45395764?
2, 11348941
List the prime factors of 130293144.
2, 3, 603209
List the prime factors of 1991713777.
1991713777
What are the prime factors of 1227279586?
2, 13, 23, 227, 9041
List the prime factors of 12168526.
2, 727, 8369
What are the prime factors of 113872592?
2, 7117037
List the prime factors of 61664107.
43, 61, 23509
What are the prime factors of 54103243?
54103243
What are the prime factors of 3057045681?
3, 7681, 132667
List the prime factors of 23909525.
5, 31, 30851
What are the prime factors of 2052657220?
2, 5, 811, 126551
List the prime factors of 125381405.
5, 523, 47947
What are the prime factors of 13707106?
2, 7, 149, 6571
What are the prime factors of 1170132276?
2, 3, 97511023
What are the prime factors of 2614369630?
2, 5, 137, 1908299
What are the prime factors of 104786048?
2, 29, 28229
List the prime factors of 113654552.
2, 11, 131, 9859
List the prime factors of 83509331.
1429, 58439
What are the prime factors of 114632940?
2, 3, 5, 29, 65881
List the prime factors of 1159460959.
19, 79, 772459
What are the prime factors of 54459563?
5237, 10399
What are the prime factors of 143818974?
2, 3, 13, 614611
List the prime factors of 2475114127.
29, 307, 317, 877
List the prime factors of 61146441.
3, 2264683
What are the prime factors of 137045217?
3, 67, 197, 3461
List the prime factors of 202720638.
2, 3, 193, 175061
List the prime factors of 1032436029.
3, 23, 941, 15901
What are the prime factors of 1253092415?
5, 4093, 61231
What are the prime factors of 42028788?
2, 3, 53, 66083
What are the prime factors of 110539705?
5, 22107941
What are the prime factors of 275301636?
2, 3, 307, 74729
List the prime factors of 52288382.
2, 31, 843361
What are the prime factors of 1128078863?
97, 11629679
What are the prime factors of 837434327?
837434327
What are the prime factors of 137868856?
2, 1171, 14717
What are the prime factors of 1374685979?
31, 4391, 10099
List the prime factors of 354311422.
2, 41, 293, 14747
What are the prime factors of 4756609353?
3, 433, 467, 7841
List the prime factors of 2226349905.
3, 5, 13, 11417179
List the prime factors of 249524755.
5, 929, 53719
List the prime factors of 569609017.
569609017
What are the prime factors of 11066124?
2, 3, 587, 1571
What are the prime factors of 2173274856?
2, 3, 30184373
What are the prime factors of 195760202?
2, 11, 17, 647, 809
What are the prime factors of 58693841?
58693841
What are the prime factors of 281242142?
2, 19, 7401109
List the prime factors of 643267309.
643267309
List the prime factors of 168183197.
7, 13, 1848167
List the prime factors of 291407666.
2, 11, 131, 101113
What are the prime factors of 20688889?
13, 103, 15451
List the prime factors of 317975189.
7, 181, 250967
List the prime factors of 706288301.
23, 29, 37, 28619
List the prime factors of 2915578991.
13, 224275307
What are the prime factors of 51166361?
51166361
List the prime factors of 3708495673.
7243, 512011
What are the prime factors of 3938541621?
3, 7, 457, 410393
List the prime factors of 410137928.
2, 51267241
What are the prime factors of 6100826?
2, 127, 24019
What are the prime factors of 8980020?
2, 3, 5, 7, 7127
List the prime factors of 1663812183.
3, 11, 50418551
What are the prime factors of 15160378?
2, 233, 32533
List the prime factors of 30126845.
5, 7, 673, 1279
List the prime factors of 656121666.
2, 3, 37, 269, 10987
List the prime factors of 285989911.
31, 179, 51539
List the prime factors of 71437023.
3, 7, 59, 19219
What are the prime factors of 1911826551?
3, 637275517
List the prime factors of 37717726.
2, 37, 509699
List the prime factors of 84392000.
2, 5, 7, 11, 137
What are the prime factors of 146238202?
2, 11, 6647191
List the prime factors of 3673632765.
3, 5, 11, 17, 1309673
List the prime factors of 65153611.
65153611
What are the prime factors of 3421195352?
2, 23, 433, 1867
What are the prime factors of 2733278773?
31, 88170283
What are the prime factors of 1554461623?
11, 13, 17, 639433
List the prime factors of 20769969.
3, 11, 31, 79, 257
List the prime factors of 47225405.
5, 17, 555593
What are the prime factors of 4261536636?
2, 3, 7, 431, 117709
What are the prime factors of 486987896?
2, 601, 101287
What are the prime factors of 2567271911?
193, 2297, 5791
List the prime factors of 672678235.
5, 134535647
What are the prime factors of 17109862?
2, 7, 11, 111103
What are the prime factors of 592909931?
79, 433, 17333
What are the prime factors of 168604255?
5, 33720851
List the prime factors of 36380021.
43, 47, 383
List the prime factors of 2758893850.
2, 5, 55177877
List the prime factors of 95034679.
41, 2317919
List the prime factors of 7349608.
2, 7, 18749
List the prime factors of 42194462.
2, 21097231
List the prime factors of 3742606339.
19, 29, 1297, 5237
List the prime factors of 3783328941.
3, 7, 163, 1105267
List the prime factors of 80901367.
80901367
List the prime factors of 61915720.
2, 5, 1547893
List the prime factors of 148148488.
2, 97, 190913
What are the prime factors of 43760577?
3, 7, 297691
List the prime factors of 10957841.
751, 14591
What are the prime factors of 5277099?
3, 31, 179, 317
What are the prime factors of 512649905?
5, 102529981
What are the prime factors of 55156637?
29, 823, 2311
What are the prime factors of 26798522?
2, 109, 122929
List the prime factors of 1565405936.
2, 59, 397, 4177
List the prime factors of 62459433.
3, 6939937
List the prime factors of 747898421.
67, 97, 115079
What are the prime factors of 2799551860?
2, 5, 7, 953, 20983
List the prime factors of 2243162057.
317, 7076221
List the prime factors of 163813543.
71, 2307233
List the prime factors of 157479296.
2, 13, 17, 19, 293
List the prime factors of 35127957.
3, 11709319
What are the prime factors of 410775659?
7, 1361, 43117
List the prime factors of 2466750600.
2, 3, 5, 31, 44207
List the prime factors of 392010614.
2, 2297, 85331
What are the prime factors of 26606907?
3, 137, 7193
What are the prime factors of 95592478?
2, 73, 654743
What are the prime factors of 183771314?
2, 881, 104297
What are the prime factors of 743860399?
47, 1879, 8423
What are the prime factors of 1479599594?
2, 11, 2971, 22637
What are the prime factors of 1227710911?
7, 29, 6047837
List the prime factors of 197477518.
2, 7, 14105537
What are the prime factors of 104832169?
13, 8064013
List the prime factors of 1035168500.
2, 5, 863, 2399
List the prime factors of 4190399.
4190399
List the prime factors of 3540532746.
2, 3, 590088791
List the prime factors of 68654746.
2, 41, 43, 19471
List the prime factors of 79204726.
2, 39602363
List the prime factors of 735299658.
2, 3, 19, 41, 1279
List the prime factors of 2637240.
2, 3, 5, 21977
What are the prime factors of 106723283?
106723283
What are the prime factors of 2961374990?
2, 5, 7, 42305357
What are the prime factors of 797118642?
2, 3, 44284369
List the prime factors of 176747857.
11, 13, 1235999
List the prime factors of 1346931290.
2, 5, 23, 173, 33851
List the prime factors of 870303192.
2, 